 and 8.
8
Suppose y - 53 = -3*g - 4*y, 0 = -2*g - 5*y + 37. What is the highest common factor of 12 and g?
4
Let f(s) = s**3 + 4*s**2 + 2*s - 3. Let w be f(-3). Let r be w/2*1 + 112. Suppose -5*d - 22 + r = 0. What is the highest common factor of d and 72?
18
Let u = -5 - -1. Let y be -21*(1 + (-1)/3). Let p = u - y. What is the greatest common divisor of 20 and p?
10
Let a(p) = 2*p**2 + p - 9. Let c be a(-3). Suppose 110 = 5*y - i, -2*i + 6 = -y + 28. Let z = 44 + y. What is the greatest common divisor of c and z?
6
Suppose l = 3 - 0. Suppose n = d + l*d + 119, 0 = -5*n - 2*d + 573. Suppose 3*k + z + 2*z = 93, n = 5*k - 5*z. Calculate the highest common divisor of k and 9.
9
Suppose -d + 26 = -0*d + 2*l, 3*d - 5*l = 56. Suppose 4*g = d + 18. What is the highest common divisor of 20 and g?
10
Suppose 3*p - 348 = 5*h, -4*p - 4*h + 369 + 127 = 0. Calculate the greatest common factor of p and 11.
11
Let u = 40 - 20. What is the greatest common factor of u and 20?
20
Let h be 15/1 + (-3 - -3). Suppose h + 81 = t. What is the highest common divisor of t and 12?
12
Let h = -108 + 185. Suppose 4*z = -3*f + 59, z - f - 7 + 1 = 0. What is the highest common factor of z and h?
11
Let o(g) = g**2 - 2*g - 3. Let p be o(-3). Suppose -2*z + u - p = -u, 5*u + 6 = z. Let k = z - -27. What is the greatest common divisor of k and 162?
18
Suppose 0 = -2*g + 88 + 20. Suppose -3*l + 0*l + g = 0. What is the greatest common factor of 18 and l?
18
Let w be (-2)/(-3)*(28 + -1). Let y be (-2)/(-4) - 395/(-2). What is the highest common divisor of w and y?
18
Let q be (-2)/6 + 244/12. What is the highest common factor of 30 and q?
10
Let f(i) = -2*i**3 + 3*i**2 + 3*i. Let n be f(-3). Let k = -137 - -146. Calculate the highest common divisor of n and k.
9
Suppose 5*u = -0*u - 5*j - 30, 3*j - 52 = 4*u. Let h = 19 + u. What is the greatest common divisor of 99 and h?
9
Suppose -m + 1 + 8 = 0. Suppose -z + 1 + m = 0. Calculate the highest common divisor of z and 60.
10
Let y = -2 + 58. Suppose y = 4*g - 0*g. Calculate the greatest common factor of g and 154.
14
Suppose -2*h = -i + 2*h + 61, 4*i = 2*h + 258. Calculate the greatest common divisor of 13 and i.
13
Let b(i) = i**3 + 4*i**2 - 5*i + 2. Let f be b(-5). Suppose 0 = -5*c - 27 + 47. Calculate the highest common divisor of f and c.
2
Let t be 2/(-8) - (-186)/8. Suppose t = -4*g + 79. Calculate the highest common divisor of 70 and g.
14
Let b(y) = -y**2 - 10*y - 10. Let d be b(-7). Suppose 3*i - 2*i = -4*t + 61, -5*i + 381 = t. Calculate the greatest common factor of d and i.
11
Suppose -23*x + 21*x + 182 = 0. Let p be 1/(-2) - (-2)/4. Let l = p - -13. What is the greatest common divisor of l and x?
13
Let n = -26 + 45. Let w = 72 - -80. What is the highest common divisor of n and w?
19
Suppose 4*h - 14 = 18. Suppose -b = b - h. Calculate the greatest common divisor of 4 and b.
4
Suppose 2*p + t - 4*t - 55 = 0, 5*p - 146 = -t. Calculate the highest common divisor of p and 87.
29
Let b be (-6)/15 - 42/(-5). Suppose a - 162 = -b. Calculate the greatest common divisor of 22 and a.
22
Suppose -2*f + 14 - 4 = 0. Suppose -f*a = -a. Let y(m) = -m**3 - m**2 + m + 12. Let v be y(a). What is the greatest common divisor of v and 108?
12
Suppose 9 = 2*c - 0*c - 5*j, 0 = -j + 1. Suppose -c + 77 = 2*z. What is the greatest common divisor of 7 and z?
7
Let x(u) = 32*u**2 + 2*u + 6. Let b be x(3). Calculate the greatest common factor of b and 30.
30
Let y be (2/3)/(6/99). What is the greatest common factor of y and 121?
11
Let k(g) = -2*g**2 - 10*g + 2. Let o be k(8). Let y = -90 - o. Suppose 4*f - y = -4*h, 0*h - 2 = -h. Calculate the highest common factor of 9 and f.
9
Let y = 6 + -9. Let m be y + 1/(-2)*-18. Calculate the highest common factor of 42 and m.
6
Suppose 7*j - 353 = -17. Calculate the greatest common factor of j and 6.
6
Let u = -44 - -156. Calculate the greatest common divisor of u and 14.
14
Suppose 0 = -4*w + 6*u - u + 15, -4*u - 12 = 0. Let h(i) = 25 - i**2 + 30 + 24*i**3 - 23*i**3. Let o be h(w). Calculate the greatest common divisor of o and 11.
11
Let y(j) = 2*j - 16. Let k be y(14). Calculate the highest common factor of k and 8.
4
Let v(s) = -4*s + 1. Let y be v(-1). What is the highest common factor of 5 and y?
5
Let a be (-12)/(-8)*16/6. Suppose -3*d + 10 = a. Suppose -5 - 5 = -d*f. Calculate the highest common factor of f and 35.
5
Let v be 337/4 - (-9)/12. Let i = 6 + -1. Suppose -8 = -i*n + 77. What is the highest common divisor of v and n?
17
Suppose -2*i + 61 + 49 = 0. Let q = 5 - 1. Suppose 15 = q*u - 5. Calculate the greatest common divisor of i and u.
5
Suppose 0*g - 2*g = 0. Suppose 4*c + 0*c - x = 476, -x + 4 = g. Suppose -36 + 6 = -t + 5*u, -12 = -t - u. Calculate the highest common factor of c and t.
15
Let f be (11 - 10)*(10 + 0). Calculate the greatest common divisor of 80 and f.
10
Suppose v - 1 - 1 = -3*q, 4 = -4*q. Calculate the greatest common divisor of 1 and v.
1
Suppose -2*d + 141 = 5*x, 5*x - 4*d = -0*x + 123. Let s = 45 - x. Let q = 80 + -26. Calculate the greatest common factor of q and s.
18
Let f(g) = -2 - 2 + 15*g + g. Let y be f(3). What is the greatest common divisor of y and 4?
4
Suppose -2*a = -30 + 4. What is the greatest common divisor of a and 104?
13
Suppose 3*l = 5*k - 560, -5*l - 266 + 826 = 5*k. What is the greatest common factor of k and 16?
16
Let w(k) = 3*k**2 + 1. Let i be w(1). Suppose b + i*b = 295. Suppose 7*c + 5*a - 79 = 3*c, -4*a + b = 3*c. Calculate the highest common factor of 14 and c.
7
Suppose 3*l + 3*d - 747 = 0, -3*l + 3*d + 771 = -0*d. Calculate the highest common divisor of 23 and l.
23
Let i be (27/(-6))/(1/((-8)/3)). Calculate the greatest common divisor of i and 96.
12
Let n be (0 - 1)*-1 - -1. Suppose 0 = -3*q + 3*r - 132, -2*q - 2*q - 186 = -n*r. Let s = -33 - q. Calculate the highest common divisor of 4 and s.
4
Let n be (-86)/(-4) - (-3)/(-6). Suppose 2*j - 34 = 3*b, 5*j - 22 = -3*b + n. What is the highest common divisor of j and 44?
11
Suppose 5*m + 8*m = 117. What is the greatest common divisor of m and 45?
9
Let f be 418/14 + (-7)/(-49). Calculate the highest common factor of f and 6.
6
Suppose 0*o - o + 152 = -2*a, 83 = -a - 3*o. Let i = a + 142. Suppose -g = 17 - i. Calculate the greatest common factor of 16 and g.
16
Suppose z - 243 = -2*z. Let r be ((-20)/(-3))/((-6)/(-45)). Suppose -y + x - r = -6*y, 46 = 4*y + 2*x. Calculate the greatest common factor of y and z.
9
Let z(f) be the second derivative of 7*f**5/20 + f**4/12 - f**3/6 + f**2/2 - 2*f. Let o be z(1). What is the greatest common factor of o and 16?
8
Let y = 58 - 40. What is the highest common factor of y and 27?
9
Suppose 11 = 2*v + 4*r - 19, -r = v - 19. What is the greatest common divisor of v and 115?
23
Let v(k) = k**3 - 11*k**2 + 2*k - 10. Let o be v(11). Calculate the highest common factor of 84 and o.
12
Let b(a) = -a**2 - 7*a - 2. Let x be b(-5). Let c = -2 + x. Calculate the highest common factor of c and 3.
3
Let t(v) = 4*v - 11. Let g be t(8). Let u = -20 - -9. Let f = 32 + u. Calculate the greatest common divisor of f and g.
21
Let u(z) = -z**3 - 3*z**2 - 2*z + 1. Let b be u(-3). Suppose -2*n - 3*l = -163, 0*l - 2*l = 5*n - 391. What is the greatest common factor of n and b?
7
Suppose -2*z = -5*s - 32 + 7, -5*z + 4*s + 71 = 0. Suppose 5*p + o - 2*o - 525 = 0, 2*p + 2*o = 210. What is the greatest common divisor of z and p?
15
Let m(i) = 2*i**2 + 12*i + 11. Let o be m(-6). Let p = 207 + -119. Calculate the greatest common factor of p and o.
11
Suppose -2*b = -5*b - 45. Let r = b + 33. Let s = -63 - -72. What is the highest common factor of r and s?
9
Suppose 3*u - 122 = 286. What is the greatest common divisor of u and 17?
17
Suppose 5*z = u + 22, 3*u + 2*z = 26 - 7. Let v be -5*(u + -2)*-4. Calculate the greatest common divisor of 2 and v.
2
Suppose -4*j = 4*d - 2*d - 14, -2*d = -j - 4. Suppose 4*u + 2*p = 210, -j*p + 69 = 5*u - 195. Calculate the greatest common divisor of 6 and u.
6
Let t(r) = r**3 + 11*r**2 + 8*r + 2. Let z be t(-10). Calculate the greatest common divisor of z and 44.
22
Suppose v - 11 = -4*g, 3*g - 7 = v - 3*v. Let w be 2/(6/261) - v. Let m = 13 - 2. Calculate the greatest common factor of m and w.
11
Suppose -44 + 252 = -2*g. Let t = g - 